the prime factors of p(15)?
5, 11
Let p(f) = 5*f. What are the prime factors of p(6)?
2, 3, 5
Let d(h) = 327*h**2 - 4*h + 2. List the prime factors of d(1).
5, 13
Let n(r) = 4*r**2 + 2*r. Let h be (0 - 1) + (-9)/(-3). What are the prime factors of n(h)?
2, 5
List the prime factors of 1/(-4)*-4 + 34.
5, 7
Suppose -v = 4*v + 20. Let h(b) = 2*b**3 - b**2 - 15*b - 12. Let p(t) = t**3 - 7*t - 6. Let d(a) = -4*h(a) + 9*p(a). List the prime factors of d(v).
2, 3
Suppose -6 + 1 = -5*i. Let y(k) be the third derivative of k**5/6 - k**2. What are the prime factors of y(i)?
2, 5
Let y = 55 - 25. Suppose 4*m = 5*r + 134, -r + y - 136 = -3*m. What are the prime factors of m?
2, 3
Let s = -6 + 12. Suppose a - s*a + 55 = 0. What are the prime factors of a?
11
Let j be ((-2)/4)/((-2)/52). Suppose v - j = -6. List the prime factors of v.
7
Let a be 16/9 + (-4)/(-18). Let t(r) = -2*r**2 + 5*r + 1. Let q(j) = -8*j**2 + 21*j + 5. Let k(w) = 2*q(w) - 9*t(w). List the prime factors of k(a).
3
Let o(v) = v**2 - 3*v + 7. What are the prime factors of o(7)?
5, 7
Let n(i) = 2*i - 3. Let m be n(3). Let b = 1 - m. List the prime factors of b*-2*9/4.
3
Suppose 0*c = -3*c - 2*i + 25, 4*i = -5*c + 43. Let p = -9 + c. What are the prime factors of (-11)/(-3) + p/(-6)?
2
Suppose x - 17 - 18 = 0. What are the prime factors of x?
5, 7
Suppose -g - 3*r + 17 = 0, -5*g - 2*r + 145 + 5 = 0. What are the prime factors of g?
2
Let j(c) = -3*c - 3. Let u = -2 + 0. Let a be j(u). What are the prime factors of (-4)/(-2 + 5/a)?
2, 3
Suppose o + 3*x - 54 + 6 = 0, x + 1 = 0. Suppose o + 9 = 3*d. What are the prime factors of d?
2, 5
Suppose -t - 4*r = -70, r + 82 + 184 = 5*t. Suppose -5*n + o + t = 0, -5*n = -0*o - 2*o - 58. What are the prime factors of n?
2, 5
What are the prime factors of 21*((-20)/(-6) + -3)?
7
Let d = 8 - -20. Suppose -5*z + 57 = -d. List the prime factors of z.
17
Let y(w) be the third derivative of w**5/60 - 5*w**4/24 - 11*w**3/6 + 6*w**2. List the prime factors of y(11).
5, 11
Let j(x) = -7*x - 54. What are the prime factors of j(-14)?
2, 11
Let w(a) = -39*a**3 + a**2 + a. Let n be w(-1). List the prime factors of (-138)/(-8)*104/n.
2, 23
Let j = 35 + 9. List the prime factors of j.
2, 11
Let g(x) be the first derivative of 3*x - 1/2*x**2 - 2. What are the prime factors of g(-3)?
2, 3
Suppose -p - 8 = -33. List the prime factors of p.
5
Suppose -100 = -3*r - 5*a, -2*a = -3*r + 59 + 48. Let n = 21 + 1. Let w = r - n. What are the prime factors of w?
13
Suppose -4*f = -4*b - 132, -5*f + 2*b + 33 = -132. List the prime factors of f.
3, 11
Let v = 41 - -61. List the prime factors of v.
2, 3, 17
Let a(d) be the second derivative of d**5/20 - 11*d**4/12 - 11*d**3/6 + 9*d**2 + 5*d. List the prime factors of a(12).
2, 3, 5
Let y = 99 + -47. List the prime factors of y.
2, 13
Suppose -5*j - 5*k + 37 = -7*j, 0 = -j - 3*k - 2. Suppose -3*n - 26 = n + 2*a, 3*a = 3. Let z = n - j. List the prime factors of z.
2
Suppose -10*c = -5*c - 925. What are the prime factors of c?
5, 37
Suppose 0 = 2*r - 4*p - p - 20, -3*p = -4*r + 26. Let j(k) = -k**2 + 8*k - 7. List the prime factors of j(r).
2
Let b(a) be the first derivative of a**3/3 - a**2/2 + a - 1. What are the prime factors of b(4)?
13
Let v be 3 + (-2 - -1 - -1). Suppose -v*y + 8 = y. List the prime factors of y/(-7) + 58/7.
2
Let m be ((-5)/(-2))/(-1)*-30. Suppose 5 = -5*j + m. List the prime factors of j.
2, 7
Let n(l) = -l - 2. What are the prime factors of n(-6)?
2
Let n(q) = -q**2 + 6*q. Let l be (-4)/((-8)/(-9))*2. Let a be (-34)/l + (-10)/(-45). What are the prime factors of n(a)?
2
Let i(z) be the second derivative of z**5/20 - z**4/3 - 2*z**3/3 - 4*z. Let g be -1*(1*-5 - 0). What are the prime factors of i(g)?
5
Suppose -3*q = f, -10 + 3 = -4*q + f. Suppose -4*x - 32 = -4. List the prime factors of (0 - q)*(x - -2).
5
Let t(k) = k**2 - 8*k - 4. Let h be t(9). Suppose -4*b = 4*v - 51 + 7, h*v - 48 = 2*b. What are the prime factors of v?
2, 5
Suppose v - 13 = -4*x, 5*x = x + 5*v + 31. Let q = x - -9. What are the prime factors of (q + 1)*(-3 + 4)?
2, 7
Let n = -29 + 27. List the prime factors of n/(264/(-87) - -3).
2, 29
Let i be (2 + 88/(-12))*3. What are the prime factors of ((-100)/i)/(1/4)?
5
Suppose 0 = 2*t - 114 - 82. What are the prime factors of t?
2, 7
Suppose 3*a + 2*a = 15, 2*l + 2*a - 8 = 0. Let k = 11 + l. What are the prime factors of k?
2, 3
Suppose -f = -4*f + 96. List the prime factors of f.
2
Suppose -27 = -o + 12. List the prime factors of (-1)/(75/o - 2).
13
Let w(o) = o**2 + o - 1. Let v be (4/5)/(2/5). Let j be w(v). Suppose -j*r + 15 + 20 = 0. What are the prime factors of r?
7
Suppose 0 = 2*v + 4*z - 5*z - 172, 0 = -2*z - 4. Suppose 2*i = 7*i - v. What are the prime factors of i?
17
Let g(o) = -o**3 - 7*o**2 + 4*o - 10. Let r be g(-8). Suppose 0 = x - 0*x - r. What are the prime factors of x?
2, 11
Let s(h) = -h - 3. Let m(r) = r + 4. Let b(n) = 7*m(n) + 6*s(n). Suppose d - 5*k + 6 = 0, 2*k + 24 = -5*d + d. List the prime factors of b(d).
2
Suppose 6*q - 3*q = 15. Let d(o) be the second derivative of o**4/12 - 2*o**3/3 - o**2 + 25*o. What are the prime factors of d(q)?
3
Let a(u) = 5*u**2 - u**2 + u + 1 + 0*u**2. Let t be a(-1). Suppose 4*r - 38 = 4*v - v, -4*r = -t*v - 40. What are the prime factors of r?
2
Suppose 10*j - 83 = 77. What are the prime factors of j?
2
Let x be 5 - 0*(-2)/(-8). Suppose 0 = -2*k + 8 + 10. Suppose -y = x, -a = -y - 0*y - k. What are the prime factors of a?
2
Let g be (-33)/(-4) + 4/(-16). Suppose z = -z + g. Suppose z*c = -5*o + 33, -5*c - 2*o + 12 + 25 = 0. What are the prime factors of c?
7
What are the prime factors of 1 + (-4)/1 + 42?
3, 13
Let a(j) = -6*j - 6. Let d(y) = -5*y - 5. Let k(g) = -3*a(g) + 4*d(g). List the prime factors of k(-4).
2, 3
Suppose -6*p + 3888 = 12*p. What are the prime factors of p?
2, 3
Let p(z) = 2*z**2 - z + 3. What are the prime factors of p(-6)?
3
Let o be (24/10)/((-1)/(-10)). Let y be 366/9 - (-16)/(-24). What are the prime factors of y/12*o/10?
2
Suppose 0 = 2*p - 2*u - 6, 3*u + 9 = 3*p + 2*p. Suppose p = 2*r - r + 2. What are the prime factors of 2 + (r/(-1))/2?
3
Suppose 5*j = 3*r - 4, 3 = j - 2*r + 1. What are the prime factors of j*3*9/(-6)?
3
Let u = 8 + -11. Let d = u - -8. What are the prime factors of d?
5
Suppose -2*g + 3*z + 57 = 0, -2*g + 5*g - 84 = 5*z. What are the prime factors of g?
3, 11
Suppose -d = 1 + 1. Let l(u) = -2*u + u - 2*u - u + 1. What are the prime factors of l(d)?
3
Suppose -5 = -3*d + 1. Suppose 0*v - 3*v + 3 = 0, 4*v = -d*k - 2. Let c(a) = a**2 - a + 3. List the prime factors of c(k).
3, 5
Let v(p) be the second derivative of -p**5/20 - 5*p**4/12 + 5*p**3/6 - p**2 - 2*p. What are the prime factors of v(-6)?
2
Suppose -3*f + 4*f = -2*d + 41, -d + 2*f = -8. Let x(w) = 2*w**3 + 3*w**2 - 5*w + 4. Let q be x(-5). List the prime factors of (-4)/d - q/9.
2
Let l(j) = -j**3 - j**2 + j + 5. Let o be l(5). What are the prime factors of o/(-15)*(-6)/(-4)?
2, 7
Let h(r) = -r**2 - 7*r + 7. Let i be h(-8). Suppose 5*o - 4*o = 0. List the prime factors of 3 - i - o/2.
2
Let z = 414 - 286. Suppose t = -5*c + 139, 6*t - z = -4*c + t. What are the prime factors of c?
3
Suppose -3*r = 2*c - 32 + 2, 5*r = 2*c + 2. Let k = c + 17. What are the prime factors of k?
2, 13
Let k(n) = -2*n**3 - 7*n**2 - 2. Let v(q) = 3*q**3 + 14*q**2 - q + 3. Let m(h) = -5*k(h) - 3*v(h). What are the prime factors of m(7)?
2, 11
Suppose -j + 5 = -2*b, -5*j = -4*j - 3*b - 5. Suppose -j = -2*g + 13. List the prime factors of g.
3
Suppose 4*r = 11 + 1. List the prime factors of r.
3
Let l(x) = x + 12. Let f(y) = y + 1. Let u(n) = 5*f(n) - l(n). List the prime factors of u(5).
13
Suppose -1 - 8 = -3*l, 36 = -2*o - 2*l. Let v = 34 + o. List the prime factors of v.
13
Suppose -5*d + 4 = 2*c - 5, 49 = -3*c + 5*d. Let w = -6 - c. Suppose w*o - 33 = -o. What are the prime factors of o?
11
Let t(i) = -i**2 + 6*i + 8. Let u(q) = -q**2 - 8*q - 6. Let j be u(-6). List the prime factors of t(j).
2
Let s be (-7)/((-21)/(-6)) - -4. Suppose s*t + 57 = 5*t. What are the prime factors of t?
19
Let u be (-6)/15 + 386/(-10). Let v = -4 - u. What are the prime factors of v?
5, 7
What are the prime factors of 1*(3 + 9 + -2)?
2, 5
Let t(f) = -f**3 + 5*f**2 + 8*f 